 - 4. Suppose -3*r - 25 = 2*r. Let p be d(r). Does 3 divide (0 + -6)/(6/p)?
True
Suppose 3*v - 4*d = 568, 0*v - 5*d + 202 = v. Is 24 a factor of v?
True
Let u be (-1243)/(-55) - 3/5. Let k = 3 + u. Is 25 a factor of k?
True
Suppose -4*l - 5*f + 34 = 0, -l - 4 = -6*f + f. Is 116/l*(-12)/(-8) a multiple of 13?
False
Let t be (-356)/(-18) + 10/45. Let a = 3 + t. Is a a multiple of 8?
False
Let j = -26 + 18. Let l = -2 - j. Is 6 a factor of l?
True
Let v(i) = i**3 - 4*i**2 + 3*i - 4. Let a be v(3). Let w = a - -8. Is w a multiple of 2?
True
Let v be -7*(48/7)/(-4). Suppose -2*t + 86 = v. Let k = -15 + t. Does 11 divide k?
True
Let x = 14 - 12. Is (12/(-9))/(x/(-36)) a multiple of 8?
True
Suppose 0 = 2*r - 3*r + 3. Let l = -49 - -125. Suppose p = -r*p + l. Is 11 a factor of p?
False
Suppose f + 24 = -3*f. Let z be (-26)/f - (-1)/(-3). Suppose -z*q + 20 = 5*h - 9, -5*q - 10 = -3*h. Is 3 a factor of h?
False
Suppose 0 = -5*u - 3*s - 0 - 4, -13 = -4*u + 3*s. Is 1 + 20 + 1 + u a multiple of 13?
False
Let s(p) = -p**3 + 7*p**2 - 6*p - 3. Suppose 4*n + 4 = 28. Let b be s(n). Let d = b - -7. Is d a multiple of 3?
False
Let v(g) = -3*g**3 + g**2 - 2*g - 1. Let t be v(2). Is 10 a factor of t*(0 - 6/15)?
True
Suppose 2*p = -2*p + 3*g + 23, -p - 18 = 4*g. Does 11 divide ((-22)/(-3))/(p/3)?
True
Let o = 11 + -9. Suppose -156 = -o*a + 6*a. Is 6*(-3 - a/3) a multiple of 25?
False
Suppose -4*u - 5 = w - 15, 5*u = 5*w - 25. Does 6 divide w?
True
Suppose -2 = -2*h + 2, 5*h = p - 159. Does 13 divide p?
True
Let j be (1/1)/((-3)/(-6)). Let f(y) = 6*y**2 + 2*y + 1. Is 29 a factor of f(j)?
True
Suppose 5*c + 15 = 0, 3*q - 2*q + 3*c = -9. Is (-1 - (q - 1)) + 27 a multiple of 7?
False
Is 24 a factor of (3 + -225)/(-3) + -2?
True
Let v = -38 - -65. Is v a multiple of 9?
True
Suppose 5*a = 5*f - 95, 0*a + 2 = 2*a. Does 5 divide f?
True
Suppose 3*h + 4*q = 18 + 7, 0 = -h + 3*q + 30. Is h a multiple of 4?
False
Is 26 a factor of (4/(-18))/1 - 1880/(-36)?
True
Let o = -1 - 6. Is 4 a factor of -1 - 1 - (o + 1)?
True
Suppose s - h = h - 6, 3*s = 3*h - 30. Let t = 24 + s. Is 10 a factor of t?
True
Suppose 4*o - 202 = -g - 0*o, 0 = -5*g - 4*o + 1042. Is g a multiple of 14?
True
Let h be (-12)/(-6)*14/4. Let n = h - 5. Is n/(-5) - (-732)/30 a multiple of 15?
False
Suppose 2*j + 63 = -41. Let s = -26 - j. Does 25 divide s?
False
Suppose -4*v = -2*v. Suppose 5*w + 4*h = -47 + 127, v = 2*w - 5*h - 65. Is w a multiple of 18?
False
Suppose -3*u + 6 + 0 = 0. Suppose -4*y + y + 3 = -4*j, -5*y + 3*j + 16 = 0. Suppose -y = -u*k + 21. Is 13 a factor of k?
True
Let u = 20 - 8. Is 6 a factor of u?
True
Suppose -46 = -3*l + 5*x + 54, 0 = -l + 5*x + 40. Does 15 divide l?
True
Suppose -i = -0*i - 17. Let v = 35 - i. Does 14 divide v?
False
Suppose -264 = -4*y - 4*p, 0 = -4*y - 3*p + 2*p + 258. Is y a multiple of 16?
True
Suppose -6*b + 251 = -37. Is 15 a factor of b?
False
Does 12 divide (-6)/(-3 + (-10)/(-4))?
True
Suppose -8 = -6*r + 124. Does 12 divide r?
False
Suppose -d - 3*d - 16 = 0. Is (d/12)/(3/(-117)) a multiple of 10?
False
Let j = -201 + 294. Is j a multiple of 35?
False
Suppose -90 = a - 4*a. Is a a multiple of 10?
True
Suppose 155 = 3*m - 100. Suppose -2*k + t = -m, 3*k + 3*t + 3 = 108. Is k a multiple of 20?
True
Let j(q) be the third derivative of q**5/60 + 5*q**4/24 - q**2. Let o be j(-4). Let g(p) = p**3 + 4*p**2 - 5*p - 5. Is 15 a factor of g(o)?
True
Let q = 233 - 101. Is q a multiple of 44?
True
Is (-2)/(-14) - (-6)/((-84)/(-194)) a multiple of 8?
False
Let y = 1 - -3. Suppose -4*h - y*s + 161 - 9 = 0, -2*h + 2*s + 56 = 0. Suppose 2*i - h = i. Does 11 divide i?
True
Suppose 34 = 5*x + 94. Let s be 11/6 + (-2)/x. Suppose -5*g + 216 = s*i, -3*g + 5*g - 2*i - 78 = 0. Is 20 a factor of g?
False
Let l = -4 + -3. Let c(j) = j**3 + 7*j**2 - 3*j - 10. Is 9 a factor of c(l)?
False
Let m(b) = -b**3 - 7*b**2 - 2*b + 7. Does 4 divide m(-7)?
False
Let t(o) = 3*o**2 + 3*o + 3. Let j(u) = 13*u**2 + 11*u + 13. Let z(d) = -2*j(d) + 9*t(d). Does 7 divide z(-6)?
True
Let r(b) = b**2 - 1. Let v be r(0). Let i = 0 + 4. Is 110/8 - v/i a multiple of 8?
False
Let g(z) = -z + 4. Let i be g(0). Suppose i*n = 1 + 15. Suppose -n*u + 12 = -u. Is u even?
True
Suppose -4*a = -3*k - 186, 88 = -a + 3*a - 4*k. Is 11 a factor of a?
False
Let k = 7 + -17. Let t(f) = -f**3 - 11*f**2 - 14*f - 8. Is 8 a factor of t(k)?
True
Let i(s) = -14*s + 4. Let w be i(7). Let z = 132 + w. Is 18 a factor of z?
False
Suppose 3*m - 57 = 3*o, 3*m - 60 = 3*o - m. Does 3 divide (20/o)/((-2)/8)?
False
Let p(q) = -17*q - 10. Let b be p(-6). Suppose -h + b = 3*h. Does 16 divide h?
False
Is -10*((-222)/(-15))/(-1) a multiple of 23?
False
Suppose 3*n + 9 = 4*x - 14, -5 = n. Suppose 0*k - 3*r + 7 = 2*k, 0 = -4*k + x*r - 10. Does 11 divide k*(-12 - (1 - 2))?
True
Let v = -25 + 46. Is v a multiple of 7?
True
Let a(k) = -3*k + 6. Let z be a(4). Does 3 divide 2/(0 + (-3)/z)?
False
Let g be (-14)/7*(-8)/2. Let t = g + 20. Is t a multiple of 14?
True
Suppose 0 = -4*m - 0 + 4. Let l(r) = -3*r + 2*r + 6*r**3 + 2*r**2 + 2*r**3 - 2*r**3. Is l(m) a multiple of 3?
False
Let u(v) be the second derivative of v**4/6 - 4*v**3/3 + v**2/2 + v. Let s(g) be the first derivative of u(g). Is s(6) a multiple of 15?
False
Let d(p) = p**3 + 5*p**2 + 2. Let y be 20/2*1/(-2). Let l be d(y). Is 6 a factor of (l/2)/((-3)/(-18))?
True
Suppose 35 = -2*q + 3*q. Suppose 0 = -5*f, -2*f + 95 = -5*x - q. Is ((-15)/6)/5*x a multiple of 5?
False
Let n(x) = -x + 9. Suppose z + 9 = -v, 0*z + 4*z - 3*v + 8 = 0. Let f be 7 + 2 + z/1. Is n(f) a multiple of 5?
True
Let k = -6 - -46. Is k a multiple of 10?
True
Suppose -10*o = -15*o + 595. Does 17 divide o?
True
Let h = -136 + 58. Let m be (-1 + 0)*(-8 - h). Is m/4*24/(-20) a multiple of 21?
True
Suppose 225 = 4*a + 7*d - 4*d, 0 = -3*a + 2*d + 156. Is a a multiple of 9?
True
Suppose 5 = 3*h + 11, -3*h + 34 = 5*o. Suppose 0*s = -s + o. Does 6 divide s?
False
Let h(l) = -7*l - 1 - 15*l**3 + 3 + 16*l**3 - 3*l**2 - 4*l**2. Does 4 divide h(8)?
False
Does 19 divide (-1)/3*3*-19?
True
Let b = 3 + -3. Let x(r) = -r**2 + 5*r + 2. Let p be x(5). Suppose 0*i = i - 3*d - 26, -2*i + p*d + 36 = b. Does 11 divide i?
False
Let j be 2/1*(0 - -1). Suppose j*p + 22 = 3*p. Is p a multiple of 11?
True
Suppose -3*u + 2*u = 0. Suppose -2*c = -2*l + 34, -5*c - 67 = 3*l + 26. Does 9 divide c*(-1)/(u + 1)?
True
Suppose -100 = -7*t + 2*t. Suppose -3 = s - t. Suppose -2*j - 62 = -2*m, -3*m + 41 = 4*j - s. Is m a multiple of 13?
True
Let v = -36 + 50. Is v a multiple of 3?
False
Suppose 21 + 4 = 5*o. Is 3 a factor of 43/o - 22/(-55)?
True
Let g(p) = -p**3 + 10*p**2 + 3*p - 8. Let k be g(7). Let v = -6 - -11. Suppose 4*i = -4*y + k, v*i - i - 88 = -2*y. Is 10 a factor of y?
False
Let r(q) = -q**3 - 17*q**2 - q - 7. Does 6 divide r(-17)?
False
Let x(p) = -2*p**3 + 7*p**2 + 10*p + 8. Let j(d) = d**3 + 2*d + 0*d**2 - 3*d + d**2. Let i(h) = 3*j(h) + x(h). Does 13 divide i(-9)?
True
Suppose k + 3*k = 8. Suppose 3*a = h - 38, 4*a + 0*a + 78 = k*h. Is h a multiple of 27?
False
Does 9 divide (540/16 - 2)*4?
False
Let n(u) = -40*u - 42. Is 22 a factor of n(-6)?
True
Is 16 a factor of ((-1)/(-3))/((-4)/12) - -58?
False
Is (3 - 6) + -2 + 11 a multiple of 3?
True
Let t = 1 - -8. Let x be ((-8)/(-3) - 3)*t. Is 3/x*19/(-1) a multiple of 10?
False
Suppose 2*t - 146 - 106 = 0. Is t a multiple of 16?
False
Let l = -8 - -72. Is 17 a factor of l?
False
Let p(a) = a**2 - 5*a + 12. Is p(9) a multiple of 24?
True
Suppose -3*l = -2*l - 3*f + 82, 0 = -5*l + 4*f - 410. Let u = l - -41. Does 4 divide (-4)/16 + u/(-4)?
False
Let z(d) = 4*d + 2 - 1 + 4. Let p be z(5). Suppose m + 3*h = 19, -3*m + p = -2*m - 3*h. Is m a multiple of 11?
True
Let c be 208/3 + 6/9. Suppose -12 = -2*d - d, 0 = 5*y + 5*d - c. Does 4 divide y?
False
Suppose 5*s + 12 = -3*b, -s + 2*b + 12 = -b. Suppose s = -0*w + 2*w + 5*c - 6, 0 = -5*w - 3*c + 15. Is 2 a factor of w?
False
Let w(i) = 40*i - 19. Is 27 a factor of w(5)?
False
Let q(z) = -7*z - 2. Is q(-6) a multiple of 27?
False
Suppose 0 = -5*j - 3 - 7. Is j/(4/(-34)) + -2 a multiple of 5?
True
Let m = 25 + -17. Does 8 divide m?
True
Suppose w + 24 + 7 = 0. Is 12 a factor of (-3 - -3)/(-3) - w?
False
Let s = 7 + 0. Let m(u) = u**2 - 3*u - 2. Is 7 a factor o